it of 34576139?
3
What is the units digit of 2889591?
1
What is the ten thousands digit of 179212?
7
What is the millions digit of 2636128?
2
What is the units digit of 3737970?
0
What is the ten thousands digit of 172659?
7
What is the ten thousands digit of 1989511?
8
What is the ten thousands digit of 178950?
7
What is the units digit of 198355?
5
What is the ten thousands digit of 195948?
9
What is the tens digit of 40482?
8
What is the millions digit of 2561041?
2
What is the ten thousands digit of 5281264?
8
What is the hundred thousands digit of 12838756?
8
What is the tens digit of 79529?
2
What is the hundred thousands digit of 7472367?
4
What is the ten thousands digit of 290724?
9
What is the tens digit of 647148?
4
What is the tens digit of 136429?
2
What is the millions digit of 38020434?
8
What is the ten thousands digit of 908015?
0
What is the ten thousands digit of 21163?
2
What is the ten thousands digit of 7178967?
7
What is the units digit of 296763?
3
What is the ten thousands digit of 21967627?
6
What is the tens digit of 8644901?
0
What is the millions digit of 8401108?
8
What is the hundreds digit of 188232?
2
What is the hundred thousands digit of 1556560?
5
What is the hundred thousands digit of 18183420?
1
What is the tens digit of 1093467?
6
What is the tens digit of 624128?
2
What is the hundreds digit of 3767854?
8
What is the ten thousands digit of 1292821?
9
What is the ten thousands digit of 324115?
2
What is the hundreds digit of 1157952?
9
What is the thousands digit of 626161?
6
What is the tens digit of 1653612?
1
What is the hundred thousands digit of 786126?
7
What is the thousands digit of 249367?
9
What is the hundreds digit of 8978359?
3
What is the ten millions digit of 20671512?
2
What is the units digit of 191623?
3
What is the ten millions digit of 12256895?
1
What is the hundreds digit of 497235?
2
What is the millions digit of 1021859?
1
What is the hundred thousands digit of 162965?
1
What is the millions digit of 1448640?
1
What is the hundreds digit of 250117?
1
What is the hundreds digit of 12735971?
9
What is the units digit of 4247189?
9
What is the units digit of 4596014?
4
What is the thousands digit of 18017828?
7
What is the units digit of 44334?
4
What is the ten thousands digit of 533477?
3
What is the hundreds digit of 401430?
4
What is the thousands digit of 1185691?
5
What is the millions digit of 1609441?
1
What is the hundred thousands digit of 5097487?
0
What is the millions digit of 2410490?
2
What is the units digit of 7320?
0
What is the hundreds digit of 14591364?
3
What is the units digit of 18103042?
2
What is the hundreds digit of 5168024?
0
What is the hundred thousands digit of 2070389?
0
What is the tens digit of 298420?
2
What is the hundreds digit of 309668?
6
What is the millions digit of 23203142?
3
What is the thousands digit of 36282545?
2
What is the ten thousands digit of 279145?
7
What is the hundreds digit of 138533?
5
What is the ten thousands digit of 1539193?
3
What is the units digit of 156245?
5
What is the hundred thousands digit of 1226812?
2
What is the millions digit of 7796855?
7
What is the ten millions digit of 20085725?
2
What is the hundreds digit of 17949930?
9
What is the millions digit of 4781582?
4
What is the millions digit of 1156579?
1
What is the hundreds digit of 1267953?
9
What is the ten thousands digit of 5205955?
0
What is the ten thousands digit of 19376845?
7
What is the units digit of 29352883?
3
What is the units digit of 246019?
9
What is the hundreds digit of 2305026?
0
What is the units digit of 369718?
8
What is the ten thousands digit of 276006?
7
What is the thousands digit of 12039669?
9
What is the units digit of 108206?
6
What is the units digit of 2627816?
6
What is the ten thousands digit of 6595638?
9
What is the hundreds digit of 88232?
2
What is the hundreds digit of 776037?
0
What is the hundreds digit of 483072?
0
What is the hundreds digit of 4455478?
4
What is the thousands digit of 6758374?
8
What is the ten thousands digit of 23776?
2
What is the tens digit of 5732955?
5
What is the hundred thousands digit of 460126?
4
What is the tens digit of 3555228?
2
What is the hundred thousands digit of 660911?
6
What is the units digit of 3991809?
9
What is the tens digit of 9738232?
3
What is the hundred thousands digit of 431423?
4
What is the ten thousands digit of 27732?
2
What is the hundreds digit of 2553101?
1
What is the ten thousands digit of 1787923?
8
What is the hundred thousands digit of 867135?
8
What is the hundreds digit of 317596?
5
What is the thousands digit of 1796446?
6
What is the tens digit of 7531832?
3
What is the thousands digit of 178870?
8
What is the ten thousands digit of 5780263?
8
What is the tens digit of 13609849?
4
What is the hundred thousands digit of 739977?
7
What is the tens digit of 215280?
8
What is the millions digit of 10056875?
0
What is the millions digit of 5082259?
5
What is the units digit of 239944?
4
What is the hundreds digit of 1672603?
6
What is the ten thousands digit of 7489755?
8
What is the ten thousands digit of 217965?
1
What is the hundred thousands digit of 839642?
8
What is the hundred thousands digit of 227253?
2
What is the hundred thousands digit of 7672052?
6
What is the hundred thousands digit of 338317?
3
What is the ten thousands digit of 4525754?
2
What is the ten thousands digit of 1615755?
1
What is the thousands digit of 415117?
5
What is the hundreds digit of 5321151?
1
What is the tens digit of 32836?
3
What is the hundred thousands digit of 1700707?
7
What is the hundred thousands digit of 544906?
5
What is the ten thousands digit of 424214?
2
What is the tens digit of 385912?
1
What is the units digit of 190072?
2
What is the millions digit of 12138676?
2
What is the hundred thousands digit of 3784485?
7
What is the thousands digit of 196217?
6
What is the hundreds digit of 21151?
1
What is the thousands digit of 168228?
8
What is the hundred thousands digit of 3003731?
0
What is the hundreds digit of 1110874?
8
What is the units digit of 40552606?
6
What is the thousands digit of 19449520?
9
What is the hundred thousands digit of 8993174?
9
What is the thousands digit of 1848328?
8
What is the hundreds digit of 493870?
8
What is the hundreds digit of 2237148?
1
What is the thousands digit of 1876152?
6
What is the tens digit of 450736?
3
What is the ten thousands digit of 295607?
9
What is the hundreds digit of 7688272?
2
What is the tens digit of 364640?
4
What is the units digit of 152457?
7
What is the tens digit of 859672?
7
What is the millions digit of 37800518?
7
What is the hundreds digit of 2652585?
5
What is the tens digit of 3946409?
0
What is the ten thousands digit of 280335?
8
What is the hundreds digit of 14831105?
1
What is the tens digit of 274773?
7
What is the hundreds digit of 1495520?
5
What is the hundreds digit of 194404?
4
What is the thousands digit of 136725?
6
What is the hundred thousands digit of 4022185?
0
What is the millions digit of 7807939?
7
What is the hundreds digit of 2303241?
2
What is the units digit of 15954?
4
What is the units digit of 11467966?
6
What is the hundreds digit of 1113611?
6
What is the tens digit of 1327609?
0
What is the tens digit of 10897698?
9
What is the hundreds digit of 35962631?
6
What is the units digit of 363429?
9
What is the hundreds digit of 41702?
7
What is the millions digit of 1108355?
1
What is the hundred thousands digit of 1107819?
1
What is the units digit of 2640681?
1
What is the hundred thousands digit of 224674?
2
What is the tens digit of 13152673?
7
What is the ten thousands digit of 10785?
1
What is the tens digit of 1594468?
6
What is the ten thousands digit of 552223?
5
What is the tens digit of 389806?
0
What is the hundred thousands digit of 3687428?
6
What is the units digit of 389011?
1
What is the hundred thousands digit of 1184538?
1
What is the thousands digit of 1427364?
7
What is the hundred thousands digit of 586116?
5
What is the ten thousands digit of 14699785?
9
What is the hundred thousands digit of 617548?
6
What is the hundred thousands digit of 244284?
2
What is the thousands digit of 367599?
7
What is the tens digit of 12087095?
9
Wh